 r = -262 + 256. Determine p(r).
6
Let s(b) = 3*b + 2*b - 2*b - 2 + 0*b. Calculate s(4).
10
Let d(g) = g - 7. Let u(v) = -v + 7. Let n(q) = 7*d(q) + 6*u(q). What is n(9)?
2
Suppose -11 = -6*n + 1. Let z(m) = -n - 145*m + 75*m + 4 + 71*m. Give z(-5).
-3
Let f(g) be the second derivative of g**7/2520 + g**6/240 - 7*g**4/12 + 15*g. Let k(t) be the third derivative of f(t). Give k(-3).
0
Let h(v) = -40*v - 55*v - 9 - 46*v + 151*v. Calculate h(-3).
-39
Let a(g) = g + 4. Suppose 2 = k + 5*o, 6 = 3*k - 0*o + 2*o. Let b(t) = t + 5. Let d be b(-3). Suppose k*r = -d*r. What is a(r)?
4
Suppose 5*w = 9*j - 11*j + 34, 3*w + 3*j = 15. Let h(c) = -c**2 + 11*c - 19. Give h(w).
5
Let s(k) be the third derivative of k**4/24 - 5*k**3/3 - 2*k**2 + 30*k. Calculate s(8).
-2
Let w(s) be the third derivative of -1/12*s**4 + 1/120*s**6 - 1/20*s**5 - 3*s**2 + 14*s + 0 + 1/3*s**3. Calculate w(3).
-4
Let z = -1 - -2. Suppose 7 - z = a. Let k(s) = 11*s + 13. Let b(v) = -5*v - 6. Let y(f) = a*k(f) + 13*b(f). What is y(4)?
4
Let x be (24 + (-1 - 0)/(-1))/1. Let i(k) = 28*k - 3*k**2 - k**3 - 3 - 57*k + 2*k**2 + x*k. What is i(-2)?
9
Let w(l) = -l**2 + 90*l - 576. Let q be w(83). Let r(a) = 3*a + 4. Let n(g) = -g. Let o(v) = -4*n(v) - r(v). What is o(q)?
1
Let y(b) = 3*b**3 + 2*b**2 - 11*b + 10*b**2 - 2*b**3 - b**2 + 3 - 2*b**3. Give y(10).
-7
Let k(g) = -g**2 + 8*g + 1. Let i be k(7). Let d(p) = p - 5. Let o be d(i). Let s(t) = -4 + 2*t - 5*t**o - 1 + 5*t**2 + 4*t**3. Give s(5).
5
Let j(z) be the third derivative of -z**4/24 - 5*z**3/3 - 24*z**2 - 14*z. What is j(-10)?
0
Let z(r) be the second derivative of 0*r**4 + 0 + 1/4*r**5 + 4*r - 1/2*r**2 - 1/3*r**3. Let m be (-3)/(-2)*4/(-6). Determine z(m).
-4
Suppose -3*s + 6*i = 2*i - 9, -4*s - 2*i = -12. Let o(n) = -n - 2*n**2 + 4*n**2 + 2 + n**s - 3*n + 3*n. Suppose -2*u = -u + 3. Determine o(u).
-4
Let l(p) be the first derivative of -p**3/3 - 4*p**2 + 3*p + 1. Let z be l(-9). Let a = z - -11. Let v(y) = 2*y - 7. Calculate v(a).
3
Let y(l) = 8*l**2 - 50*l + 50. Let p be y(1). Let r(u) = u**2 - 7*u - 7. Give r(p).
1
Let q(j) be the third derivative of -j**6/120 - j**5/10 + j**3/3 + 3*j**2. Let o be q(-6). Let m(v) = -5*v**2 - 2*v - 2 + 5*v**o + 3*v**2. Give m(2).
6
Let t be -2*1 + 2 + 0. Let v be t/((-7 - -1)/(-2)). Let j be (-4)/(-2 + v + 1). Let d(h) = 2*h**2 - 6*h + 2. Determine d(j).
10
Let o(l) = -18*l**3 + 29*l**2 + 34*l + 38. Let k(p) = 7*p**3 - 15*p**2 - 17*p - 20. Let n(h) = 5*k(h) + 2*o(h). Determine n(-16).
-8
Let x(z) = -4*z**3 + 6*z**2 + 8*z - 14. Let l(i) = -9*i**3 + 13*i**2 + 17*i - 29. Let q(b) = 3*l(b) - 7*x(b). Give q(2).
-3
Let r(o) = o + 6*o + 0*o - 3 - o**2. Let b = -1868 - -1872. Calculate r(b).
9
Let d(t) = -t**3 - 5. Let h = 21 - 4. Let r = h - 32. Let w = r - -15. Give d(w).
-5
Let j(c) = -3 - 5*c - 2*c**2 - 3*c**2 + 0 + 6*c**2. Let u be 12 - (3/1 - 3). Suppose -2*f + u = 5*l, -4*l = -3*f + 8 + 10. Calculate j(f).
3
Let a(n) = 2*n**2 - 1. Let f(g) = -g**2 + 16*g + 19. Let m be f(17). Give a(m).
7
Let c(t) = -5*t**2 - 219*t + 33. Let k be c(-44). Let v(f) = -f**2 - 9*f + 35. Determine v(k).
13
Let i(a) be the third derivative of -4/3*a**3 - 1/60*a**5 - 1/4*a**4 + a**2 + 0 + 0*a. Determine i(-6).
-8
Let g(l) = -l**2 + 11*l - 2. Suppose -7*s = -526 + 57. Let c = s + -56. Determine g(c).
-2
Let h(v) = -2*v**3 + 79*v**2 - 41*v + 82. Let j be h(39). Let c(o) = 2*o**2 - 4*o - 13. Calculate c(j).
3
Let c(h) = 0*h - 212*h**2 + h**3 + 216*h**2 - h + 1. Calculate c(-4).
5
Let x(y) = -6*y + 9. Let v(p) = 2*p**2 + 29*p - 228. Let j be v(-20). Determine x(j).
57
Let a(l) = -3*l - 1 - 8*l + l. Let c be (-10)/(-40) - 1/4*5. What is a(c)?
9
Let p(f) = -f**2 - 4*f + 2. Let b = 334 - 339. Calculate p(b).
-3
Let n(o) be the third derivative of -o**6/120 - 3*o**5/10 + o**4/24 + 11*o**3/6 - o**2 - o. Calculate n(-18).
-7
Let m(v) = -2*v + 9. Let h = 34 - 29. Let q be 14/(-4)*(-10)/h. Calculate m(q).
-5
Let a(u) = -u**2 - 6*u + 2. Suppose 0 = 2*h + 4*n - 2, -2*h = -2*n + 3*n + 4. Let w be -3 + -6*h/(-6). Determine a(w).
2
Let i = -1046 - -1042. Let n(m) = -m + 0*m - 5 + 4*m. Determine n(i).
-17
Let h(l) = -17*l - 3. Let n(c) = 24*c + 4. Let i(f) = -3*h(f) - 2*n(f). Let z = -2 - -2. Suppose 0 = -z*u - 2*u + 2. Determine i(u).
4
Let g(b) = 6*b + 23. Suppose 0*x = 3*x + 5*k + 12, -5*k = -2*x - 8. Calculate g(x).
-1
Let v(w) = -1. Let f(o) = 2*o + 8. Let k(x) = f(x) + 6*v(x). Let q(s) = s**2 + 21*s + 62. Let i be q(-17). Give k(i).
-10
Let j(l) = -3*l**2 + 6*l + 1. Let t be 4 + 3 + -17 - -1. Let o(c) = -7*c**2 + 13*c + 3. Let i(b) = t*j(b) + 4*o(b). Calculate i(-4).
-5
Let y(q) = -2*q + 2. Let v(j) = -19*j - 174. Let c be v(-9). Calculate y(c).
8
Let a(g) = g + 8. Let z be (7 - 174/18)*15/10. Give a(z).
4
Let x(m) = -m**2 + m. Let w(c) = 5*c**2 + 1. Let z be w(1). Let k be z/18 + (-6)/(-9). Give x(k).
0
Let k(m) = -m**2 - 11*m - 6. Let q be k(-10). Let v(t) = 4*t - 3*t - q - 3*t + 4*t. Suppose 5*o = 4*d + 19, -2*o + 1 = d - 4. Determine v(o).
2
Let n(j) = 8 + 12*j**2 - 3284*j**3 + 18*j - 6*j + 3285*j**3. Give n(-11).
-3
Suppose 0 = -i - 1 - 6. Let a(o) = -o + 0 + 0 - 3 - 5. Let q be a(i). Let x(k) = -2*k**3 + k**2 - k - 1. Determine x(q).
3
Let w(x) = -x**3 - 5*x**2 - x - 5. Let q be w(-5). Let b(p) = -p + 9. Let i be b(7). Let s(g) = -g**3 + 0 + 0*g + 9 - i*g + g. Calculate s(q).
9
Suppose -5*k = 20 - 0, -2*f - 2*k = 0. Let z(n) = 202*n**2 - 4*n - 4 + f*n**3 - n**3 - 2*n**3 - 199*n**2. Suppose -3*i = 5*y + 2, i + 7*y - 2*y = 6. Give z(i).
-4
Let x be 3/(60/8) + 16/10. Let g(i) = 2*i**2 - 4 - i**x - 3*i + 5 + 2*i. Determine g(1).
1
Let a(n) = -n**3 - 5*n**2 + 6*n + 3. Let m(u) = 9*u - 194. Let x be m(21). What is a(x)?
-27
Let h(w) be the second derivative of w**4/12 - w**3/2 - w**2/2 + 2*w - 38. Let d(i) = i**3 + 8*i**2 + 5*i - 8. Let a be d(-7). Give h(a).
17
Let w(d) = -d**3 + 12*d**2 - 11*d + 4. Let m be w(11). Let g(o) = -m*o + 0 - 3*o**2 + 6*o - 1 - o. Determine g(1).
-3
Let k(w) be the third derivative of w**6/60 + w**5/20 - w**4/8 + 2*w**3/3 + 479*w**2. Suppose -14 = 3*h - d, -h = -3*d + 5*d - 7. Determine k(h).
-14
Suppose 3 - 1 = x. Let i(c) = 2 - 592*c + 588*c + 0*c**x + c**2. Calculate i(5).
7
Suppose 236*s = 245*s - 45. Let b(h) = 5 + h - 5*h + h. Calculate b(s).
-10
Let u(c) = -c + 1. Let p(g) = g - 2. Let b(m) = 3*p(m) + 7*u(m). Let f = 21 - 6. Let i be (-21)/28 + f/4. What is b(i)?
-11
Let y = 1485/2 - 742. Let k(w) be the second derivative of -1/12*w**4 + 3/2*w**2 + w + 0 + y*w**3. Determine k(4).
-1
Let t(n) be the first derivative of -3*n**2 - 29*n - 913. What is t(-6)?
7
Let i(d) = -2*d + 1. Let j be (9 - 2)/((-6)/(-12)). Suppose 2*a + 0 = j. Suppose -3*c - 15 = -3*h, -3*h - 4 = -a*h - 4*c. Determine i(h).
-5
Suppose -5*w - q = -32, -w = 2*q + 3*q - 16. Let j(s) = s**3 - 6*s + 0*s**2 + 0*s**2 - 4 - 5*s**2. What is j(w)?
-4
Let q(z) = z**2 + 4*z - 10. Let g be 0/(-20)*(-2)/(-4) + -7. Calculate q(g).
11
Let i(r) = 11*r + 18. Let l(m) = -8*m - 16. Let f(h) = 3*i(h) + 4*l(h). Give f(6).
-4
Let q(z) = -2*z + 2. Let n = 18 - 13. Suppose n*l = 2*l - 12. Let g be (21/14)/((-2)/l). Give q(g).
-4
Let q(p) = -p - 1. Let x(n) = -2*n**2. Let c(o) = o**3 - o**2 - 3*o + 3. Let s be c(2). Let r be x(s). What is q(r)?
1
Let m(i) = -3*i**2 + 7*i + 11. Let j(b) = b**2 - 1. Let c(y) = 1 - 20*y + 1 + 21*y. Let f be c(-1). Let q(g) = f*m(g) + 4*j(g). What is q(-5)?
-3
Let u(r) = r**2 - 12*r + 43. Let g be u(7). Let o(d) = d**3 - 6*d**2 - 9*d - 3. Determine o(g).
53
Let u(i) = i**3 + 7*i**2 + 6*i. Let s = 59 - 47. Let v be s/9*(-1)/((-2)/(-9)). Calculate u(v).
0
Let x(g) be the second derivative of g**6/720 - g**5/24 + 19*g**4/12 + g. Let a(o) be the third derivative of x(o). Determine a(7).
2
Suppose 0 = 15*n - 0*n + 150. Let j(i) = i**2 + 10*i - 1. What is j(n)?
-1
Let y be 8*(-10)/(-36) - (-4)/(-18). Let g(h) = 4*h + h - 2*h**2 - 5 + 7 - y*h. Give g(3).
-7
Suppose -18*z + 4 = -17*z. Suppose 11*b - z*b = 0. Let n be (0 - b) + (-5 - -1). Let t(v) = -v**3 - 3*v**2 + 3*v - 2. Determine t(n).
2
Let i(r) = -15*r**2 - 5*r - 22. Let t(l) = 8*l**2 + 3*l + 13. Let h(f) = 3*i(f) + 5*t(f). Calculate h(-1).
-6
Let o(k) = k - 2. Let a(s) = -s - 15. Let y(z) = 6*z - 31 - 7*z - 2*z. Let t(q) = 7*a(q) - 3*y(q). Let b be t(5). Give o(b).
-4
Le